ose 2*s - 23 = 23. Let i = 1 + s. What is the tens digit of i/((-15)/40*-4)?
1
Let g = -8 - -18. Let b(k) = 14*k - 35. What is the units digit of b(g)?
5
Suppose -4*g + 3 + 1 = -2*c, 0 = -4*c + 2*g + 10. What is the units digit of c*22 + 10 + -14?
4
Let t(o) = -785*o + 22. Let x be t(-2). Suppose -14*g + 6*g + x = 0. What is the hundreds digit of g?
1
Let f = 843 + -504. Let a = f + -193. What is the tens digit of a?
4
Let z = -5883 + 8747. What is the tens digit of z?
6
Suppose 0 = -0*b + 5*b - 5*x - 1335, b - 270 = -2*x. Suppose -o + 2*s + s - 60 = 0, 5*o + s = -b. What is the units digit of (1 - 3) + o/(-2)?
5
Suppose -14 - 4 = -2*m. Suppose 0*s - 3*s = -3*i + 330, -i = 5*s - 116. Suppose -3*d + i = -m. What is the tens digit of d?
4
Let a = 74 - -43. Let n = a - -194. What is the tens digit of n?
1
Suppose 5*d - 1 = 2*p + p, 4*d = -3*p + 17. Let w = -77 - -137. Suppose w = p*b + b. What is the tens digit of b?
1
Suppose 3*u = -o - 39, 2*u + 39 = -0*u - 5*o. Let c = 22 - 36. Let q = u - c. What is the units digit of q?
2
Let r(h) = -7*h**3 - 12*h**2 + 43*h + 7. What is the thousands digit of r(-10)?
5
Let s(h) = -h**2 + 7*h + 18. Let w be s(-2). Let p be 321 - 1*(-1)/1. Suppose -2*x + 9*x - p = w. What is the tens digit of x?
4
Let v be 14/84 - 731/(-6). Suppose 0 = 2*k + 2*n - 88, 2*n + v = 3*k + 7*n. What is the units digit of k?
9
Suppose -5*z = -3*l - 0*l - 12664, 3*l = 6. What is the thousands digit of z?
2
Let g be ((-13)/(-52))/((-1)/(-4)). What is the tens digit of (1/(-1) + 15)/g?
1
Suppose -4*u - 12 = g - 5*g, -2*g = 4*u - 6. Suppose 3*c = 3*a - 204, u = 4*a + 5*c - 0*c - 308. What is the units digit of a?
2
Let s(c) be the first derivative of 2*c**5/3 + c**3/6 + 3*c**2/2 + 5. Let t(f) be the second derivative of s(f). What is the tens digit of t(1)?
4
Suppose -w - 5*o = -40, -5*w + 65 = -2*w + 4*o. Let r(k) = -k**3 + 16*k**2 - 11*k + 12. What is the tens digit of r(w)?
7
Let f(a) = 69*a**2 + 216*a - 6. What is the units digit of f(-5)?
9
Let u(y) = 2*y**3 + y**2 - 3*y + 2. Let t be u(-2). Let v be (-8)/t - (-10)/5. Let b(w) = 4*w**2 - 6. What is the tens digit of b(v)?
5
What is the hundreds digit of ((-10)/4)/((-9 + 1)/1168)?
3
Let f = 3297 - 1315. What is the tens digit of f?
8
Let o = -20 - 50. What is the tens digit of 2/7 + (-3270)/o?
4
Let f = 1061 + -527. What is the hundreds digit of f?
5
Suppose 3*r + 46 = n - 3*n, 64 = -5*r + 3*n. Let g = r - -16. Suppose 2*k + 6 = g*h, 3*h - 8 = k + 3. What is the units digit of h?
4
Suppose -4*u - 7 = 5. Let d(n) be the second derivative of n**4/3 - n**3/3 + 3*n**2/2 - 5*n. What is the tens digit of d(u)?
4
Let n = -2 + 4. Let x(m) = -6*m**n + 0 - m**3 - 3*m**2 - 6 - 3*m. What is the units digit of x(-9)?
1
Suppose -d - x = -993, 2*x + 3 = -5. What is the hundreds digit of d?
9
Suppose 0 = -9*k + 8*k. Let a be (2 - k - 2)/(-1). Suppose 3*d + 1 = i, -i + 2*d + 0 + 2 = a. What is the units digit of i?
4
Suppose 15*x = 3695 + 1645. What is the tens digit of x?
5
Let v(s) = -77*s. Let p be v(-1). Suppose -4*f = 5*o + 99, -6*o - f - p = -2*o. Let n = 47 + o. What is the tens digit of n?
2
Let a(g) be the second derivative of 4*g**3/3 - 6*g**2 + 8*g. What is the units digit of a(9)?
0
Suppose 3*r - r - 398 = 0. Suppose 0 = -2*f - 2*f - 2*a + 6, -f = a - 1. Suppose 0 = 4*d + d - w - r, f*d = w + 82. What is the units digit of d?
9
Suppose 7*p - 2 = 5. Suppose -f + p = -15. Suppose -f = -y - 4*c + 59, 0 = 2*c - 8. What is the tens digit of y?
5
Let m be 1 + -1 + (-104 - -1). Suppose 1001 = -14*d + 91. Let l = d - m. What is the units digit of l?
8
Let c be 0/(-2 + 0/(-4)). Let p(b) = -1 - 1 - b + 3. What is the units digit of p(c)?
1
Suppose -8*y + 4080 = -2*y. What is the units digit of y?
0
What is the tens digit of (-102564)/(-35) - (-14)/(-35)?
3
What is the tens digit of 6/(-9)*(-3)/12*2274?
7
Let m(k) = k**2 - 3*k - 1. Let o be m(2). Let g = 7 + o. Suppose 0 = -3*x + 5*z + 35, 2*x + g*z - 26 = 6*z. What is the units digit of x?
5
Suppose 0 = 2*w - 6*w + 8, -4*l = -w - 282. Suppose -3*u + 911 = l. What is the tens digit of u?
8
Suppose 132*u - 210293 = 19*u. What is the units digit of u?
1
Let y = -15 - -12. Let u be y/(-12)*0 + -1. What is the units digit of (15 - u)/(8/12)?
4
Suppose -5*v + 62 = 17. Suppose -7 = -5*o - 4*p, -5*o + v = 3*p - 0. What is the tens digit of -4 + 3 + 192/o?
6
Let y(b) = -20*b**3 - 2*b**2 - 1. Let l be y(-2). Suppose z = 3*z + a - l, 3*z - 207 = 5*a. What is the tens digit of z?
7
Let l = 115 - 278. Let x = -14 - l. What is the tens digit of x?
4
What is the hundreds digit of (-2)/4*(-2340 - 72/9)?
1
What is the hundreds digit of (-8912)/(-22) + 19/(-209)?
4
Suppose 0 = 5*f - 6 - 4. Suppose -4*p + 246 = 5*g, -104 = -f*g + 3*p - 6*p. What is the tens digit of g?
4
Let l(h) = 6*h**3 - 2*h + 1. Let k be l(1). Suppose -11 = -4*r - 3, -8 = -5*n - 4*r. Suppose -5*t + 105 = -n*t - p, k*p = 0. What is the tens digit of t?
2
What is the tens digit of 1 + 2 + (-4 + 7 - -919)?
2
Let t(m) = -m**3 - 9*m**2 - 12*m - 10. Let b be t(-8). Suppose -2*z = -4*j - 0*z + b, -5*z - 23 = -2*j. Suppose -17 = -j*f + 275. What is the units digit of f?
3
Suppose 13*p - 28 = 6*p. Let b = p + 1. Suppose -3*s - b*t + 104 + 62 = 0, -5*s - t = -240. What is the units digit of s?
7
What is the tens digit of 412*(18/8 - 2)?
0
Let l = -250 + 595. What is the units digit of l?
5
Suppose 6*m - 7*m = -8. Let d = 13 - m. Suppose -d*b + 270 = b. What is the units digit of b?
5
Let j(c) = c**2 - 12*c + 5. Let h be j(12). Suppose d + 3*u - h*u = 3, 6 = 2*d - 3*u. What is the units digit of 0 + (8 - 2) + d?
9
Suppose 5*w - 84 = w. Suppose 5*p = 4*h - 97, -4*p - 56 = 5*h - h. Let i = p + w. What is the units digit of i?
4
Let g = 2962 + -1528. What is the units digit of g?
4
Let a be 1 + -4 - (-19 + 16). Let l = 4 + 0. Suppose l*g + a = 4. What is the units digit of g?
1
Suppose 3*o + 4*f + 115 = 0, 5*f = -3*o - 99 - 14. Let w = o - -72. Suppose 4*a = 5*a - w. What is the tens digit of a?
3
Suppose -3*x + 30 = -2*a, -5*x + 6*a - a = -55. Let h(i) = 7*i**2 - 2*i + 6. Let t be h(x). Suppose -2*n = 4*n - t. What is the units digit of n?
3
Let i = -19 + -47. Let v = i - -164. What is the units digit of v?
8
Let r = -253 - -357. Suppose 3*v + v - r = 0. Suppose -v - 10 = -4*m. What is the units digit of m?
9
What is the units digit of (6777/(-18)*1)/(2/(-20))?
5
Let y(n) = -n**3 + 29*n**2 - 37*n - 23. What is the tens digit of y(19)?
8
Suppose 0 = -28*w + 10791 + 3517. What is the units digit of w?
1
Let x(j) = j**3 + 5*j**2 + 2*j - 5. Let t be x(-4). What is the units digit of (4/t)/(4/24)?
8
Suppose 7700 = 53*z - 42*z. What is the units digit of z?
0
Let i = 109 - 42. What is the units digit of i?
7
Let o(l) be the third derivative of -l**7/1680 - l**6/240 - l**5/15 + 2*l**2. Let f(m) be the third derivative of o(m). What is the units digit of f(-6)?
5
What is the hundreds digit of 13745/20 - 6/(-8)?
6
Let a be (1 + (-2)/(-4))*2. Suppose -5*u = -a*c + 93, 5*c - 62 = 3*c - 4*u. What is the units digit of c?
1
Let u = -98 + 107. What is the units digit of u?
9
Let k(u) = u**3 - 5*u**2 - 3*u - 8. Let l be (65/25 - 2)*20. Let v = l + -6. What is the tens digit of k(v)?
1
Let v = 297 - 165. Suppose g - 5*g + v = 0. What is the tens digit of g?
3
Let i = 10123 + -4324. What is the hundreds digit of i?
7
Suppose 3*q = b + 5*q - 727, -5*q = -b + 748. Let o = b - 445. What is the units digit of o?
8
Suppose -476 = 12*y - 8*y. What is the hundreds digit of 1912/14 - 51/y?
1
Let t be 2/(-6) + (-8)/(-24). Suppose -r = 5*z - 205, t = 2*z + 3*r - 6 - 89. Suppose -2*w - 3*h + 75 = 0, -w - w + 4*h + z = 0. What is the tens digit of w?
3
Let f(u) = -u**3 - 5*u**2 - 5*u - 2. Let h be f(-4). Suppose -62 = 2*s - 4*y + 2, h*y = 0. Let n = 30 - s. What is the tens digit of n?
6
Let v(s) = 20*s + 1. Let p be v(3). Suppose 3*h = -x + 146 + p, -8 = 4*h. What is the units digit of x?
3
Suppose -65 - 183 = -3*w + 5*a, 3*a = 5*w - 392. Let o = -36 + w. What is the units digit of o?
0
Let y = -3315 - -5671. What is the tens digit of y?
5
Suppose -13*d - 259 = -6*d. Let a = d - -75. What is the tens digit of a?
3
Suppose 4*u + 3*k - 249 = 5*u, k + 265 = -u. Let y = u - -365. What is the tens digit of y?
0
What is the units digit o